{"id":83,"date":"2010-03-23T21:52:20","date_gmt":"2010-03-23T20:52:20","guid":{"rendered":"http:\/\/sonicduck.de\/_\/?page_id=83"},"modified":"2021-08-05T09:47:25","modified_gmt":"2021-08-05T07:47:25","slug":"kontakt-impressum","status":"publish","type":"page","link":"https:\/\/www.sonicduck.de\/sonicduck_wp\/kontakt-impressum\/","title":{"rendered":"Kontakt \/ Impressum"},"content":{"rendered":"\n<p><strong>Robert Hoffmann-Lohse \/ sonicduck<br \/><\/strong>Am Stadtmuseum 15, 26121 Oldenburg<br \/>info[at]sonicduck.de \u2014\u00a0www.sonicduck.de<\/p>\n\n\n\n<p><\/p>\n\n\n\n<div class=\"wp-block-buttons is-layout-flex wp-block-buttons-is-layout-flex\">\n<div class=\"wp-block-button is-style-fill\"><a class=\"wp-block-button__link has-white-color has-text-color has-background\" href=\"mailto:info@sonicduck.de?body=Moin, bitte rufen Sie mich unter der Nummer xxxxxxxx zeitnah zur\u00fcck.\" style=\"border-radius:50px;background-color:#16a0ca\" rel=\"\"><strong>R\u00fcckruf anfragen  |  Call-back mail<\/strong><\/a><\/div>\n<\/div>\n\n\n\n<p>Steuernummer \/ <em>Tax id<\/em>&nbsp;&nbsp;64\/118\/02894<\/p>\n\n\n\n<div><b>&nbsp;<\/b><\/div>\n\n\n\n<p><strong>Haftungshinweis:<br \/><\/strong>trotz sorgf\u00e4ltiger inhaltlicher kontrolle \u00fcbernehme ich keine haftung f\u00fcr die inhalte externer links. f\u00fcr den inhalt der verlinkten seiten sind ausschlie\u00dflich deren betreiber verantwortlich.<br \/><em><strong>Legal disclaimer:<br \/><\/strong>despite thorough examination, we do not assume liability for the content of external links. the owners of the linked-to pages are solely liable for the contents.<\/em><\/p>\n\n\n\n<p><strong>Copyright:<\/strong><br \/>alle inhalte sind durch das urhebergesetzt gesch\u00fctzt (copyright). alle inhalte, grafiken und bilder &nbsp;d\u00fcrfen nicht ohne genehmigung durch sonicduck design genutzt werden.<br \/>ausnahme: alle posts die unter &#8222;blog | externes&nbsp;&#8220; laufen, diese d\u00fcrfen gerne verlinkt oder gepingt werden.<br \/><strong><em>Copyright:<br \/><\/em><\/strong><em>all copyrights included. all contents, graphics and images are not allowed to use&nbsp;without the permisson of sonicduck design.&nbsp;exception: all posts marked with &#8222;blog | externes&nbsp;&#8222;, you are allowed to just link or ping them.<\/em><\/p>\n\n\n\n<p class=\"s2\"><strong><span class=\"s6\">Online-Streitbeilegung<br \/><\/span><\/strong><span class=\"s2\">Die Europ\u00e4ische Kommission stellt unter https:\/\/ec.europa.eu\/consumers\/odr\/ eine Plattform zur Online-Streitbeilegung bereit, die Verbraucher f\u00fcr die Beilegung einer Streitigkeit nutzen k\u00f6nnen und auf der weitere Informationen zum Thema Streitschlichtung zu finden sind.<\/span><\/p>\n\n\n\n<p class=\"s2\"><strong><span class=\"s6\">Au\u00dfergerichtliche Streitbeilegung<br \/><\/span><\/strong><span class=\"s2\">Wir sind weder verpflichtet noch dazu bereit, im Falle einer Streitigkeit mit einem Verbraucher an einem Streitbeilegungsverfahren vor einer Verbraucherschlichtungsstelle teilzunehmen.<\/span><\/p>\n\n\n\n<div class=\"wp-block-buttons is-layout-flex wp-block-buttons-is-layout-flex\"><\/div>\n\n\n\n<p><\/p>\n","protected":false},"excerpt":{"rendered":"<p>Robert Hoffmann-Lohse \/ sonicduckAm Stadtmuseum 15, 26121 Oldenburginfo[at]sonicduck.de \u2014\u00a0www.sonicduck.de Steuernummer \/ Tax id&nbsp;&nbsp;64\/118\/02894 &nbsp; Haftungshinweis:trotz sorgf\u00e4ltiger inhaltlicher kontrolle \u00fcbernehme ich keine haftung f\u00fcr die inhalte externer links. f\u00fcr den inhalt der verlinkten seiten sind ausschlie\u00dflich (&hellip;) <a href=\"https:\/\/www.sonicduck.de\/sonicduck_wp\/kontakt-impressum\/\">Weiterlesen<\/a><\/p>\n","protected":false},"author":1,"featured_media":0,"parent":0,"menu_order":2,"comment_status":"closed","ping_status":"closed","template":"","meta":{"jetpack_post_was_ever_published":false,"footnotes":""},"aioseo_notices":[],"jetpack_shortlink":"https:\/\/wp.me\/P401c1-1l","jetpack_sharing_enabled":true,"_links":{"self":[{"href":"https:\/\/www.sonicduck.de\/sonicduck_wp\/wp-json\/wp\/v2\/pages\/83"}],"collection":[{"href":"https:\/\/www.sonicduck.de\/sonicduck_wp\/wp-json\/wp\/v2\/pages"}],"about":[{"href":"https:\/\/www.sonicduck.de\/sonicduck_wp\/wp-json\/wp\/v2\/types\/page"}],"author":[{"embeddable":true,"href":"https:\/\/www.sonicduck.de\/sonicduck_wp\/wp-json\/wp\/v2\/users\/1"}],"replies":[{"embeddable":true,"href":"https:\/\/www.sonicduck.de\/sonicduck_wp\/wp-json\/wp\/v2\/comments?post=83"}],"version-history":[{"count":22,"href":"https:\/\/www.sonicduck.de\/sonicduck_wp\/wp-json\/wp\/v2\/pages\/83\/revisions"}],"predecessor-version":[{"id":4612,"href":"https:\/\/www.sonicduck.de\/sonicduck_wp\/wp-json\/wp\/v2\/pages\/83\/revisions\/4612"}],"wp:attachment":[{"href":"https:\/\/www.sonicduck.de\/sonicduck_wp\/wp-json\/wp\/v2\/media?parent=83"}],"curies":[{"name":"wp","href":"https:\/\/api.w.org\/{rel}","templated":true}]}}